{"id":661,"date":"2023-06-07T19:00:26","date_gmt":"2023-06-07T19:00:26","guid":{"rendered":"https:\/\/bableatherbags.hu\/?post_type=product&#038;p=661"},"modified":"2023-08-04T13:59:56","modified_gmt":"2023-08-04T13:59:56","slug":"ariane-kek-rozsaszin-taska","status":"publish","type":"product","link":"https:\/\/bableatherbags.hu\/index.php\/termek\/ariane-kek-rozsaszin-taska\/","title":{"rendered":"Ariane k\u00e9k-r\u00f3zsasz\u00edn t\u00e1ska"},"content":{"rendered":"<p>Crossbody t\u00e1ska m\u00e1gneses z\u00e1r\u00f3d\u00e1ssal.<\/p>\n<p>Anyag: 100% marhab\u0151r<\/p>\n","protected":false},"excerpt":{"rendered":"<p>Crossbody t\u00e1ska m\u00e1gneses z\u00e1r\u00f3d\u00e1ssal. Anyag: 100% marhab\u0151r<\/p>\n","protected":false},"featured_media":673,"comment_status":"open","ping_status":"closed","template":"","meta":[],"product_cat":[28],"product_tag":[],"class_list":["post-661","product","type-product","status-publish","has-post-thumbnail","hentry","product_cat-ariane-crossbody-taska"],"_links":{"self":[{"href":"https:\/\/bableatherbags.hu\/index.php\/wp-json\/wp\/v2\/product\/661","targetHints":{"allow":["GET"]}}],"collection":[{"href":"https:\/\/bableatherbags.hu\/index.php\/wp-json\/wp\/v2\/product"}],"about":[{"href":"https:\/\/bableatherbags.hu\/index.php\/wp-json\/wp\/v2\/types\/product"}],"replies":[{"embeddable":true,"href":"https:\/\/bableatherbags.hu\/index.php\/wp-json\/wp\/v2\/comments?post=661"}],"wp:featuredmedia":[{"embeddable":true,"href":"https:\/\/bableatherbags.hu\/index.php\/wp-json\/wp\/v2\/media\/673"}],"wp:attachment":[{"href":"https:\/\/bableatherbags.hu\/index.php\/wp-json\/wp\/v2\/media?parent=661"}],"wp:term":[{"taxonomy":"product_cat","embeddable":true,"href":"https:\/\/bableatherbags.hu\/index.php\/wp-json\/wp\/v2\/product_cat?post=661"},{"taxonomy":"product_tag","embeddable":true,"href":"https:\/\/bableatherbags.hu\/index.php\/wp-json\/wp\/v2\/product_tag?post=661"}],"curies":[{"name":"wp","href":"https:\/\/api.w.org\/{rel}","templated":true}]}}